is the thousands digit of s?
5
Suppose 4*r - b + 1310 = -r, 2*r - 5*b + 547 = 0. Let n be 2/12 - r/54. Suppose -d + 27 + 52 = n*q, 4*d = -4*q + 60. What is the units digit of q?
6
Let j(o) = -15*o + 6*o**2 + 13*o - 5*o**2 - 23. What is the hundreds digit of j(17)?
2
Suppose -4*z + 926 = h, -h = 126*z - 128*z + 472. What is the units digit of z?
3
What is the tens digit of -14 - (-3817 - (2 - -4))?
0
Suppose 5*g - 17 = 2*s, 5*s + 10 = -3*g + 45. Suppose g*q - 4*j + 3*j = 57, 2*q = 3*j + 15. Suppose -3*i = 3, -4*i + q + 35 = z. What is the units digit of z?
1
Suppose -10 = -5*p, -4*v + 0*p + 18 = 3*p. Suppose 3*q - 3*h = 216, -h = v*q - 226 - 2. What is the units digit of q?
5
Suppose -3*x + q + 2 = 0, -x + 6*x = 4*q - 6. Let j(b) = 178*b**3 + b**2 + 15*b - 25. What is the tens digit of j(x)?
3
Suppose 2*q + 3*a = 1103, -59*q = -56*q + 5*a - 1655. What is the tens digit of q?
5
Let o be (-3 + 18/4)*2. Suppose o*s + 6*t - 4*t = 1806, 0 = -4*s - 4*t + 2412. What is the tens digit of s?
0
Suppose -27*p - 6469120 = -53*p - 86*p. What is the tens digit of p?
6
Let g(m) = -2*m**3 - 2*m**2 + 17*m + 391. What is the hundreds digit of g(-16)?
7
Let v(s) = s**3 - 3*s**2 - 2*s - 5. Let x be v(4). Suppose -x*t + 4*w + 1004 = 0, -w - 676 = -2*t - 0*w. What is the units digit of t?
0
Let q(l) = -14*l**3 - 57*l**2 - 30*l - 33. What is the thousands digit of q(-12)?
6
Let m(v) = -2*v**3 - 55*v**2 + 42*v + 12. Let h be m(-28). What is the hundreds digit of -4 + 0 - ((-6 - 5) + h)?
3
Suppose 0 = 2*d - 6*d + 3*a + 461, -583 = -5*d - 3*a. Suppose -123*c = -d*c - 1883. What is the units digit of c?
9
Let i(u) = -48*u**3 + 4*u**2 + 2*u - 4. Let c = -96 - -94. What is the units digit of i(c)?
2
Let k = 8707 + -6878. What is the thousands digit of k?
1
What is the thousands digit of ((-8)/72 - (-4735)/9)*50/4?
6
Suppose -2*c + 5 = -2*r + 1, 0 = c + 5*r - 2. Suppose -c*j + 5*i + 142 = -1395, -5*j = i - 3856. What is the units digit of j?
1
Suppose 3*b - 40 = 5*z, 2*b - 2*z + 3*z - 5 = 0. Suppose -2*m = d + 74, 10 = b*d - 0. Let k = m - -177. What is the tens digit of k?
3
Let i(n) = n**2 + 20*n - 77. Let k(r) = 2*r**2 + 21*r - 75. Let d(o) = -6*i(o) + 5*k(o). What is the tens digit of d(-12)?
4
What is the thousands digit of (-3660)/(-230) + -16 - 6638268/(-92)?
2
Let m(v) = -9*v + 3. Let p(o) = -o**2 + 6*o - 7. Let i be p(4). Let r be m(i). What is the units digit of (-1)/r - (-860)/24?
6
Suppose -12*l + 2 = 362. What is the tens digit of (7 + 40)/(4 + l/8)?
8
Let t = 7 + -3. Suppose 3*z = -5*l + 2538, -l = z + t*z - 490. What is the tens digit of l?
1
Let d = 83 - 80. Suppose -d*m + 119 = -289. What is the units digit of m?
6
Let l = -130 - -135. Suppose -2*f + l*n = -327, -5*f - 5*n + 283 = -447. What is the units digit of f?
1
Let g be (3/4)/((-4)/48). Let c(f) = 8*f**3 - 3*f**2 - 60*f + 13. Let m(s) = -3*s**3 + 20*s - 4. Let b(l) = -4*c(l) - 11*m(l). What is the tens digit of b(g)?
5
Suppose -2*a - 4*u + 1531 = -3*a, -2*a = -5*u + 3071. Let y = -548 - a. What is the hundreds digit of y?
9
Let z(b) = 19 - 10*b + 0 - 7*b - 7*b. Let i be z(-12). Let c = -137 + i. What is the units digit of c?
0
Let s = 164 - 153. Let d(h) = h**3 - 9*h**2 + 13*h - 11. What is the hundreds digit of d(s)?
3
Let s(j) = -2*j**3 - j**2 + 35*j - 31. What is the units digit of s(-13)?
9
Suppose -f = -20 - 30. Suppose -f = 24*c - 26*c. What is the tens digit of c?
2
Let i = -3 - 18. Let v be (2/7)/((-3)/i). Suppose 4*x + 3*p - 18 = 0, -v*x + 2*p - p = -14. What is the units digit of x?
6
Let h(s) = -27*s - 67*s + 61 - 64. Let v be h(-2). Suppose -c - c + v = -o, 358 = 4*c + 2*o. What is the tens digit of c?
9
Let c(l) = 20*l + 1. Let m be c(5). Let t = 36 - -36. Let r = t + m. What is the tens digit of r?
7
Let y(m) = -m - 11 + 10*m - 8*m. Let z be y(12). What is the tens digit of 80 + z*(2 - 6)?
7
Let t = 102055 - 15524. What is the thousands digit of t?
6
Let n = 262711 - 182473. What is the hundreds digit of n?
2
Let a(i) = -i**3 - 3*i**2 - 3*i - 1. Let h be a(-2). Let g be 2 + (-1)/(-2)*8*h. Suppose 256 = g*w - 4*w. What is the tens digit of w?
2
Let w(p) = -p**2 + 6*p + 25. Suppose -57*a = -53*a + 24. Let b be w(a). Let x = b - -48. What is the units digit of x?
1
Suppose -756 = -48*z + 46*z. Let k be -11*(24 + -2 - 1). Let r = z + k. What is the tens digit of r?
4
Let x(w) = 567*w**2 + 38*w - 68. What is the ten thousands digit of x(-7)?
2
Let j(x) = 2*x**3 + x. Let l(w) = -114*w**3 + 5*w + 4. Let b(a) = 6*j(a) - l(a). What is the hundreds digit of b(2)?
0
Let m(a) = 10*a + 112. Let r be m(-11). Suppose -r*w = 3*w - 1820. What is the tens digit of w?
6
Suppose -1746 = -p - 15*h + 13*h, 5253 = 3*p + 3*h. What is the units digit of p?
6
Let n = 57 - 65. Let j be (-9)/(-18)*n + -64 + 0. Let u = j + 323. What is the tens digit of u?
5
Let s(k) = 12*k**3 - 142*k**2 + 27*k - 144. What is the units digit of s(20)?
6
Let c(u) = 2*u**2 - 4*u + 1. Let g be 14 + -1 + 4 + -7 + 0. What is the units digit of c(g)?
1
Let l be (6/7)/(32/112). Suppose 3*m + l*x = 3, 0 = 4*m - 2*x + x - 24. Suppose -5*k + 4*f = -713, -m*f = -k + 2*k - 160. What is the units digit of k?
5
Suppose -141*f + 2440398 = -310243 + 157510. What is the units digit of f?
1
Let m = 13558 - 7360. What is the thousands digit of m?
6
Suppose -4*f = k - 5521, 0 = -0*f + 5*f + 2*k - 6902. What is the thousands digit of f?
1
Let k(i) = 16*i**2 - i - 3. Let w be k(-2). What is the hundreds digit of (w/28)/(9/1248)?
3
Let s(r) = -r - 11. Let q be s(-22). Suppose q*o - 34 = -166. What is the units digit of ((-81)/o)/(4 + (-45)/12)?
7
Suppose -3*y + 0*t + 2955 = -3*t, 4*t = -2*y + 1994. Suppose 6*j - 3001 - y = 0. What is the tens digit of j?
6
Suppose 0 = -4*s + 9 + 15. What is the tens digit of 12/(-24) - (-1113)/s?
8
Let p(j) = 8*j**2 - j - 17. Let b = 213 + -220. What is the hundreds digit of p(b)?
3
Let y(g) = -677*g**3 - 6*g**2 + 9*g + 61. What is the thousands digit of y(-4)?
3
Let c(r) = 123*r - 3495. What is the units digit of c(47)?
6
Suppose 784713 = -120*x + 2540313. What is the tens digit of x?
3
Let x be 0/(-2 - (-3 - -2)). Suppose v + 5*v + 1914 = x. What is the tens digit of (-4)/(-32) - v/8?
4
Let o(v) = v**3 + 3*v**2. Let b be o(-3). Suppose 0 = -l + 4*u + 606, b = 4*u + 8 + 12. What is the tens digit of l?
8
Let w be ((-26)/4)/(1/(-2 + 0)). Suppose -w*f + 11*f = -4. Suppose -2*c = f*g - 3*g - 249, 4*g = 3*c - 386. What is the hundreds digit of c?
1
Let p be (-13)/(52/(-24)) - -2249. Suppose 15*j - 20*j + p = 0. What is the hundreds digit of j?
4
Let r(k) = -7*k**3 - 38*k**2 - 16*k + 2. What is the hundreds digit of r(-11)?
8
Let k(a) = -a**2 + 6*a + 9. Let i be k(7). Let c be 5/15 - (-2 - (-8)/(-3)). Suppose -i*s - p + 32 = -0, -54 = -c*s + 4*p. What is the units digit of s?
4
What is the hundreds digit of (-12)/16*(-5726 - 6)*1?
2
Suppose 8233 = -7*n - 10*n + 32934. What is the tens digit of n?
5
Let o(c) = -4*c**2 - 2*c - 6. Let a be o(-6). Let n = -1961 - -2241. Let d = n + a. What is the units digit of d?
2
Let s = -5328 - -7853. What is the hundreds digit of s?
5
Let m = 32505 + -17337. What is the hundreds digit of m?
1
Let l(m) = 4*m**2 + 6*m - 5 + 21 - 3*m**2. Suppose 0 = -4*i + 4, -2*s = s - 2*i + 41. What is the units digit of l(s)?
7
Let t be ((-10)/4)/(-5 + 11/2). Let s = 12 + t. Suppose -3*n - 2*v + s = 3*v, 4*n - 21 = 5*v. What is the units digit of n?
4
Let t = -47 - -52. Suppose 7*f - 2*f + 4*s - 1 = 0, 0 = -t*f + 5*s + 10. What is the units digit of 2112/27 + -4*f/18?
8
What is the thousands digit of (4/6)/((-54)/243)*4373/(-3)?
4
Suppose 0 = 5*b + p - 239, b - 3*p - 52 = p. Let u = -10 - b. Let w = 171 + u. What is the hundreds digit of w?
1
Suppose -2*t + 4*b + 192 = 0, 2*b = -3*t + 297 - 1. Let z = t - -180. What is the hundreds digit of z?
2
Let v(n) = 91*n**2 + 137*n - 1346. What is the thousands digit of v(9)?
7
Suppose -4090383 = 40*x - 277*x. What is the tens digit of x?
5
Let o = 939 + 1682. Suppose 193 - o = 2*j. What is the units digit of j/(-14) + (-8)/(-28)?
7
Suppose 0 = -2*h - 42 + 50. Suppose -12*x + h = -10*x. Suppose 5*k = x*k + 525. What is the hundreds digit of k?
1
Suppose -5005 = -19*h + 4931 + 8019. What is the hundreds digit of h?
9
Let b(r) = -r**3 - 7*r**2 + 9*r + 10. Let c be